(15) is divided by 31?
0
Calculate the remainder when 339 is divided by (598/39)/((-16)/(-120)).
109
Suppose 8 = -h - 3*r, -2*h - 4*r = -9*r - 17. Calculate the remainder when -12*20/(-3) - h is divided by 27.
25
Let y(r) = -6 - r**2 - 4 - 18*r - 4 + 3. Calculate the remainder when 40 is divided by y(-16).
19
Let u = 32 - 27. Suppose 151 = 4*d - 5*l, 5*d + u*l + 0*l = 200. Suppose -4*y - d = -3*k - 0*y, -2*k + 2*y = -28. What is the remainder when k is divided by 4?
1
Suppose 2*j - 27 = -j. What is the remainder when 98/4 - (-186)/124 is divided by j?
8
Suppose -f + 83 = l, -63 = 5*f - l - 496. Calculate the remainder when f is divided by 11.
9
Suppose 8*d = 3*d + 380. What is the remainder when d is divided by ((2 - 5) + 5)*10?
16
Let k(r) = -r + 3. Let a be k(-2). Suppose 15 = a*n - 0. What is the remainder when n is divided by (3 - 0)*(-4)/(-12)?
0
Let w(b) = 13*b**2 - 2. Let j be 1*10*(-208)/(-65). Let t = -19 + j. Calculate the remainder when w(-2) is divided by t.
11
Calculate the remainder when 297 is divided by (133 - -13)/(3 + -2).
5
Calculate the remainder when ((-28)/(-35) - -2)/((-1)/(-20)) is divided by 3.
2
Let v = -16 - -33. Let i = -8 + v. Calculate the remainder when i is divided by 6.
3
Suppose 4*y - 53 = 179. Suppose -5*w + y = -292. Calculate the remainder when w is divided by 24.
22
Let r = 3609 + -3606. What is the remainder when (13/4)/((-1)/(-4)) is divided by r?
1
Calculate the remainder when (2720/(-30))/((40/12)/(-5)) is divided by 23.
21
Let i = 887 - 857. Calculate the remainder when 58/(-5)*(-10)/2 is divided by i.
28
Suppose 4*b = 12*b - 8. What is the remainder when 16 is divided by ((1 - -3) + (-2)/(-2))*b?
1
Let m = 21 - -5. What is the remainder when 9/(-6)*(-206)/3 is divided by m?
25
Let x = 55 + -47. Suppose 4 = x*p - 6*p. What is the remainder when 4 is divided by p?
0
Suppose 104 = 8*c - 144. Suppose -p + 0*p + 4*a = 12, -2*a + 8 = -p. Let n(q) = -q**3 - 2*q**2 + 4*q. Calculate the remainder when c is divided by n(p).
15
Suppose -3*j + 3*y = j - 407, 3*j = -y + 315. What is the remainder when 403 is divided by j?
91
Suppose 0 = -4*k + 3*j + 2, 2*j + 3*j - 10 = 0. Suppose -h - k*h = 27. What is the remainder when (-524)/h - 8/36 is divided by 15?
13
Let f(p) be the second derivative of 0 - p - 9/2*p**2 - 1/3*p**3. What is the remainder when 20 is divided by f(-8)?
6
Let q(x) = 3*x - 3. Suppose 643 = 151*t - 565. Calculate the remainder when t is divided by q(2).
2
Calculate the remainder when 121 is divided by (-127)/(-4) + (-6)/8.
28
Suppose 4*i - 53 + 5 = 0. Suppose -5*l = i - 182. What is the remainder when l is divided by 4?
2
Let q(i) = -i**3 - 3*i**2 + 7. Let f be q(5). Let a = -80 - f. Calculate the remainder when a is divided by 38.
37
Let m(j) = 2*j**2 - 2*j - 38. Calculate the remainder when m(-7) is divided by 11.
8
Suppose 29 = 3*t - 25. Suppose -5*g + 3*g = -14. Suppose -2*j - b = -7, 2*b - 5 = g*b. Calculate the remainder when t is divided by j.
2
Let a = 24 - -3. What is the remainder when (208/(-4))/((-58)/87) is divided by a?
24
Suppose -n = 3*n - 456. Suppose -29*s + 650 + 220 = 0. What is the remainder when n is divided by s?
24
Let z(u) = -5*u + 6. Let d = -16 + 11. Let t be z(d). Suppose t = -5*k + 106. What is the remainder when 72 is divided by k?
12
Let y(r) be the first derivative of r**3/3 - 9*r - 22. What is the remainder when y(5) is divided by 6?
4
Let s(o) = 3*o - 2*o + 3*o - 13 - 2*o. Calculate the remainder when s(12) is divided by 6.
5
Suppose -4*u = 3*y - 64, 5*u + 3*y = 27 + 50. Calculate the remainder when 31 is divided by u.
5
What is the remainder when 948 is divided by 5 + 30/20*6?
10
Let t(q) = 2*q**2 - 12*q + 17. What is the remainder when t(-5) is divided by 65?
62
Let d = -289 + 314. What is the remainder when 68 is divided by d?
18
Suppose 0*y - 51 = -3*y. Suppose -5*n = 5*a - 155, -119 = -4*n - 5*a + 3. What is the remainder when n is divided by y?
16
Let v be 5*5/(100/(-32)). Let t = 3 + v. Let l(z) = -2*z - 1. Calculate the remainder when 33 is divided by l(t).
6
Suppose -7 = -t + 28. Let k = t - 28. Calculate the remainder when 88 is divided by k.
4
Suppose 0 = -5*k + 10, 3*n - k - 2122 = 207. What is the remainder when n is divided by 41?
39
Let h(q) = 3 + 2 - 18*q - 2 + 0. Let o be h(-4). Suppose -3*c + o = -2*c. What is the remainder when c is divided by 26?
23
Suppose 126 = -50*v + 47*v. Let d = -7 - v. What is the remainder when 64 is divided by d?
29
Suppose -89*b + 92*b - 156 = 0. Let f = b - 51. What is the remainder when (-2)/(-8) - 3/(-4) is divided by f?
0
What is the remainder when 3/9 - ((-148)/6 - 1) is divided by 3/(5/((-140)/(-6)))?
12
Suppose -5043 + 22483 = 32*v. Calculate the remainder when v is divided by 4.
1
Calculate the remainder when ((-6)/12)/((-1)/200) is divided by 17.
15
Let n be 3/2*(-760)/(-20). Suppose -2*d = -j - 3*d + 17, 5*j - 2*d - n = 0. What is the remainder when 18 is divided by j?
5
Let u be 1 + (-1 - 83)/4. Let w be 2*u/(-16)*2. Suppose 0 = -w*m - f + 523, 517 = 5*m - 0*f + 4*f. What is the remainder when m is divided by 27?
24
Let u = -391 + 689. Calculate the remainder when u is divided by 19.
13
Let b be (1/(-3))/(3/(-189)). Suppose -b = -a - 3. Calculate the remainder when 87 is divided by a.
15
Let o(k) = k**2 - 11*k - 22. Let a be o(14). Let n be (-68)/(-10) + 4/a. Let x = n + 3. Calculate the remainder when 37 is divided by x.
7
Let u(l) = -l**3 - l**2 - l + 83. Let p(g) = 7*g**2 + 0 - 51*g + 52*g - 9. Calculate the remainder when u(0) is divided by p(2).
20
Let d(l) = 13*l. Suppose 0 = 3*s - 4*k - 64, 2*s = -5*k + 2*k + 54. Suppose q + s = 3*q + f, 5*q - 66 = -f. Calculate the remainder when d(3) is divided by q.
11
Let h(j) = -6*j - 30. Let k(x) = x**2 + 18*x - 48. Let p be k(-20). Let o = 52 - 0. What is the remainder when o is divided by h(p)?
16
Suppose 0 = -2*u - 3*i + 187, -4*u - 10*i = -8*i - 354. What is the remainder when u is divided by 28?
2
Let b = 11 - 10. Let q = 7 - 6. Suppose -2*m + q = -1. What is the remainder when m is divided by b?
0
Suppose -o = 20 + 7. Let p = 19 + o. What is the remainder when (-10)/(-4) - (-4)/p is divided by 1?
0
Let f = 8 - 5. Suppose 0*x - 21 = -f*x. Let u = 1 + x. Calculate the remainder when 22 is divided by u.
6
Let d = 346 + -270. What is the remainder when d is divided by 33?
10
Let r(i) = i. Suppose 4*u + 9 = -5*m, -2*u - 32 = 4*m - 5*u. Let g be r(m). Let k = 12 + g. Calculate the remainder when 13 is divided by k.
6
Suppose -12*w + 14*w - 90 = 0. Calculate the remainder when w is divided by 26.
19
Let i = 2 - -263. Calculate the remainder when i is divided by 27.
22
Let h be (-3*(-6)/(-45))/((-1)/10). Let g(x) = x**3 - 1. Let m be g(1). Suppose -388 = -m*q - h*q. What is the remainder when q is divided by 20?
17
Let g(j) = -j**3 + 5*j**2 + 6*j - 1. Let w be g(6). Suppose 0 = -k + 3*z - 7, -12 = -4*z - 0*z. What is the remainder when k is divided by 5 + (w - (-9)/(-3))?
0
Suppose -58 = 48*x - 202. Let r(h) = -h**2 - 3*h + 3. What is the remainder when x is divided by r(-3)?
0
Let q(p) = -7*p - 9 - 14*p + 28*p. What is the remainder when q(5) is divided by 6?
2
Let g(s) = 2*s + 21. Let q be g(-14). Calculate the remainder when 8 is divided by (30/(-35))/(1/q).
2
Let a(c) = -11*c. Let t(q) = -34*q + 152. What is the remainder when a(-4) is divided by t(4)?
12
Let c be (-36)/(-24)*16/6. Suppose -c*b = 4*b. Suppose -2*m - 4*m + 102 = b. What is the remainder when 29 is divided by m?
12
Let j(b) = 2*b**3 - 5*b**2 + 5*b - 3. Calculate the remainder when j(3) is divided by -1 + (-10)/4*-2.
1
Let a = 54 + 29. Calculate the remainder when a is divided by (11 - -3) + 0/(-4).
13
Let g = -947 - -967. Calculate the remainder when 118 is divided by g.
18
Suppose -2*b + 88 = 3*m, -b + 26 = m - 5. Suppose x + 4*d - 41 = -d, -4*x - 5*d = -194. What is the remainder when x is divided by m?
25
Calculate the remainder when 135 is divided by (4/(-10))/2 - (-231)/5.
43
Let l(x) = -4*x**2 - 3*x + 3. Let u(y) = y**2 + y + 1. Let r(a) = l(a) + 5*u(a). Suppose 15*n = 19*n - 16. What is the remainder when 125 is divided by r(n)?
29
Suppose 3*c = -5*k + 299, -4*c + c = -3*k + 165. Suppose 0 = 2*p - 64 - k. Suppose -8 = -2*t + 24. What is the remainder when p is divided by t?
13
Supp